 -4?
13603746
In base 5, what is 14230014 - -202?
14230221
In base 7, what is -410025 - 56166?
-466224
In base 8, what is 20 + 151506550?
151506570
In base 3, what is -21200010 - -20221?
-21102012
In base 6, what is 12253200 - -144?
12253344
In base 6, what is -23 + -152451551?
-152452014
In base 4, what is 23 + -10010232332102?
-10010232332013
In base 5, what is 243 - -3110422?
3111220
In base 12, what is -27243 - 344?
-27587
In base 2, what is -11010100110000000000 + 11010?
-11010100101111100110
In base 6, what is 153414504331 - 4?
153414504323
In base 15, what is -4a7 + 51b?
64
In base 13, what is 3 + -4a2bc30?
-4a2bc2a
In base 16, what is 40556 - 690?
3fec6
In base 3, what is -211121110221 - 100?
-211121111021
In base 9, what is -2 + 3063263?
3063261
In base 10, what is 385782 - 494?
385288
In base 6, what is 212 - -33112344?
33113000
In base 14, what is dcc9998 - -3?
dcc999b
In base 8, what is -12643 + 20615?
5752
In base 7, what is -43553 - -16201?
-24352
In base 14, what is -4 + 1dc6c551?
1dc6c54b
In base 15, what is -80 - -198858?
1987c8
In base 15, what is -4 - -25806a?
258066
In base 9, what is -23 + -1285174?
-1285207
In base 15, what is 9a8ca32 + 4?
9a8ca36
In base 7, what is -245642 + -22564?
-301536
In base 7, what is 223355 - 2341?
221014
In base 14, what is -68da7cd + 3?
-68da7ca
In base 15, what is -662cb96b - -4?
-662cb967
In base 13, what is -92 + -115670?
-115732
In base 13, what is -ac39 - c6?
-b032
In base 2, what is 1111011011001111001111 - -11111?
1111011011001111101110
In base 6, what is -2020550 - 142?
-2021132
In base 11, what is 129a90951 - 0?
129a90951
In base 13, what is -80a1c + 2b?
-809c1
In base 3, what is -200200202 - 22110?
-201000012
In base 9, what is 0 - 6523760?
-6523760
In base 13, what is 12 - -333cb1?
333cc3
In base 2, what is 1101010 + -111000100011111010101111?
-111000100011111001000101
In base 3, what is -1022010021110 + -101?
-1022010021211
In base 14, what is 1c6b8b3a - 2?
1c6b8b38
In base 2, what is -10 + 1101110001110000101011?
1101110001110000101001
In base 12, what is -41235b2 - 3?
-41235b5
In base 12, what is 4833 - -997?
560a
In base 16, what is 1 - 6c54afb?
-6c54afa
In base 9, what is 80 - -2164087?
2164177
In base 7, what is 3 + -30335322?
-30335316
In base 13, what is -179b8a0 - -16?
-179b887
In base 10, what is 695 - 25687?
-24992
In base 15, what is 4 + -35cc89d?
-35cc899
In base 5, what is -101 - -140321412?
140321311
In base 2, what is -110010111110 - 1001010?
-110100001000
In base 6, what is -24 - -43135244?
43135220
In base 16, what is 43083 + -25?
4305e
In base 6, what is 3235102 - 3?
3235055
In base 14, what is 0 - -5b1d587?
5b1d587
In base 15, what is -8d - -37bd1?
37b43
In base 4, what is -3221302133 + 112?
-3221302021
In base 3, what is -2 - 1111022102201112?
-1111022102201121
In base 5, what is 44342214 + 21?
44342240
In base 7, what is -601460323 - -1?
-601460322
In base 10, what is 79346 + 5424?
84770
In base 9, what is -12308507 - 275?
-12308783
In base 15, what is -1a004 + -26?
-1a02a
In base 13, what is c85b780 - -2?
c85b782
In base 4, what is -12001 + -1113012?
-1131013
In base 9, what is 8026 - -114?
8141
In base 13, what is -42 - 25a5aa?
-25a61c
In base 15, what is -258 - -11d4?
e7b
In base 14, what is 9c - -119da?
11a98
In base 13, what is -7984661 + 4?
-798465a
In base 5, what is 1400244300 + -11?
1400244234
In base 14, what is 0 + -1c440b3c?
-1c440b3c
In base 12, what is 5 - -43536137?
43536140
In base 3, what is 11222000 - 2101211?
2120012
In base 8, what is 4201046 - -23?
4201071
In base 2, what is -100101110001101100001011 + 0?
-100101110001101100001011
In base 13, what is -2 - -6454a8?
6454a6
In base 10, what is -151466 - -1354?
-150112
In base 5, what is 33 + 3033001230?
3033001313
In base 2, what is 11111000010011001 + -11000110?
11110111111010011
In base 16, what is -9 + -a120b2?
-a120bb
In base 14, what is -1d12 - 1b0a4?
-1cdb6
In base 7, what is -6433055665 + 4?
-6433055661
In base 2, what is 0 + -11000010000000010111000001?
-11000010000000010111000001
In base 8, what is -5507 + 13445?
5736
In base 15, what is -24bea5 - -c?
-24be98
In base 5, what is -43201022 + -3320?
-43204342
In base 5, what is -202023 - -2020?
-200003
In base 15, what is 777 + -769?
d
In base 2, what is -11010 - -110100110100000001011?
110100110011111110001
In base 7, what is 23041 - 3054?
16654
In base 13, what is 919 - -287?
ba3
In base 4, what is 330221202 + -13313?
330201223
In base 7, what is -2 - -24112226?
24112224
In base 10, what is 36488 + -2684?
33804
In base 15, what is e6 - -337135?
33722b
In base 11, what is 2 + -325863?
-325861
In base 3, what is 1 - 1202110011102?
-1202110011101
In base 11, what is 10255 + 512?
10767
In base 2, what is 101011 - -111000100111100?
111000101100111
In base 15, what is 38 + add54b?
add584
In base 14, what is 7a + -2a857d?
-2a8503
In base 9, what is 244 + 7748541?
7748785
In base 7, what is 22 + 251134654?
251135006
In base 14, what is -2 - -5214396?
5214394
In base 6, what is 313 + -130154?
-125441
In base 2, what is -1 + -1000010011101111101101001?
-1000010011101111101101010
In base 6, what is 4 - 5000222?
-5000214
In base 7, what is -33663 + -24650?
-61643
In base 6, what is 1 - 152013524?
-152013523
In base 2, what is -1101111000111001010 - 110001101?
-1101111001101010111
In base 11, what is -16647 - -2a07?
-13740
In base 7, what is -12401552233 + -5?
-12401552241
In base 6, what is 101055453 + -103?
101055350
In base 6, what is -12 + 1002123?
1002111
In base 14, what is 68a4c7 - -35?
68a51c
In base 7, what is 1325 - 4005306?
-4003651
In base 14, what is -1508 + 1072?
-476
In base 7, what is 44042522005 - 5?
44042522000
In base 8, what is 6230310 - -20?
6230330
In base 10, what is -709 + 2462?
1753
In base 11, what is -24 - 84667?
-84690
In base 4, what is -11120 + -31313332?
-31331112
In base 10, what is 56935 - -319?
57254
In base 8, what is 10 - -26570557?
26570567
In base 3, what is 112112122 - 102101201?
10010221
In base 2, what is 100001100110000 - -100011100?
100010001001100
In base 12, what is -2 - 22916586?
-22916588
In base 14, what is 5 - 76c3b?
-76c36
In base 6, what is 4110 - 105350?
-101240
In base 2, what is 1101000001011011 + 100011?
1101000001111110
In base 11, what is 59265 + 49?
59303
In base 5, what is 400 + 1014301?
1020201
In base 4, what is -332313 + 11023023?
10030110
In base 9, what is 6450 + -2743?
3606
In base 7, what is 111 + 301126?
301240
In base 2, what is 11000101011 + 1101000111110?
10000001101001
In base 16, what is e - -1ce20d?
1ce21b
In base 9, what is -140154 - -128?
-140025
In base 12, what is 235a2a5 - 14?
235a291
In base 11, what is -5 - 56479302?
-56479307
In base 9, what is -23441610 + -75?
-23441685
In base 10, what is -37 + 7382312?
7382275
In base 2, what is -11001100100010000 - 1010010?
-11001100101100010
In base 15, what is 2 + -babad7?
-babad5
In base 4, what is 113121033322 + 12?
113121100000
In base 4, what is -12 - -10230321201?
10230321123
In base 4, what is 1110023133 + -3012?
1110020121
In base 15, what is -c + -47185c?
-471869
In base 2, what is 1011 + 11100111110001101?
11100111110011000
In base 4, what is -111312013 + -13211?
-111331230
In base 12, what is 0 - 7990b2?
-7990b2
In base 6, what is 3 - -2553313135?
2553313142
In base 15, what is -6b4d8 + -9?
-6b4e2
In base 7, what is 2021430 - 302?
2021125
In base 6, what is -11 + 5225223112?
5225223101
In base 14, what is -23ad7 - -16?
-23ac1
In base 5, what is -100 + 22300014?
22244414
In base 13, what is 5330 - c20?
4410
In base 5, what is -104 + -4043100?
-4043204
In base 15, what is c0c778 - 1?
c0c777
In base 3, what is 1001 - 1221020111011201?
-1221020111010200
In base 10, what is -1 + -4321044?
-4321045
In base 11, what is -1705 + 3776?
2071
In base 12, what is -42b10 - -b4?
-42a18
In base 9, what is -65703 + -284?
-66087
In base 14, what is -3 - -10d599b?
10d5998
In base 13, what is 166863681 + 2?
166863683
In base 6, what is -3100210 - 10420?
-3111030
In base 8, what is -75 + -15360311?
-15360406
In base 9, what is 4 - 1346584?
-1346580
In base 14, what is -4 + -65434ac?
-65434b2
In base 11, what is -98999 + -255?
-99143
In base 8, what is -165631014 - 0?
-165631014
In base 14, what is 149 + 9006?
9151
In base 14, what is -